- 73. Calculate the remainder when 151 is divided by w(2).
18
Suppose -9*v + 21 = 48. Calculate the remainder when 250 - ((-36)/9 - v) is divided by 42.
41
Let r be (20/(-14))/(28/(-98)). What is the remainder when 70 is divided by (-20)/r - -2 - -10?
6
Let k(u) = -26*u - 2. Let v be k(1). Let w = 52 + v. Suppose -3*s + 288 = 4*h, 228*h - 5*s - 325 = 223*h. Calculate the remainder when h is divided by w.
21
Calculate the remainder when (-300)/(-8)*2/1*(-1012)/(-115) is divided by 47.
2
Let u = -3945 + 3960. Let d(y) be the second derivative of -y**4/4 + 49*y**3/6 - 8*y**2 - 2*y. Calculate the remainder when d(u) is divided by 8.
4
Suppose 88*q = -56*q + 105*q + 105144. Calculate the remainder when q is divided by 30.
26
Let i = 1646 - 1598. What is the remainder when (4 + -181)*(-3)/((-9)/(-2)) is divided by i?
22
Let v = -1608 + 1612. Let o be (-2)/5 - (-22)/5. Suppose 0 = -2*r - 2*j + j + 50, o*r + v*j = 104. Calculate the remainder when 119 is divided by r.
23
Suppose 84*k = 80*k + 4. Let q be (-3)/k*-4*1. Suppose -3*d + d = 2*j - q, 4*j = 5*d + 6. Calculate the remainder when 15 is divided by d.
1
Suppose -3713 = 93*w - 6586 - 5776. Calculate the remainder when 1330 is divided by w.
28
Let k = 11559 - 11409. Calculate the remainder when k is divided by 78.
72
Let k(h) = 28*h**2 + 376*h + 9. What is the remainder when k(3) is divided by 199?
195
Suppose 4*u - 4*w - 1300 = -0*w, u - 329 = 5*w. Suppose -2*c = -11*c + u. Calculate the remainder when c is divided by 12.
0
Let j = -8013 + 8030. What is the remainder when ((-8)/6)/((-4)/138) is divided by j?
12
Calculate the remainder when (1 - (-505)/(-35))*-35 is divided by 166.
138
Let u = -2542 + 2583. Let t be 420/11 - 14/77. Let d = t - 27. Calculate the remainder when u is divided by d.
8
Let s(x) be the second derivative of 13*x**4/6 - x**3/3 + x**2/2 - 8*x - 2. What is the remainder when s(4) is divided by 59?
55
Let m be (-147570)/(-240) - (-1 + -2)/24. Let t = m + -600. Calculate the remainder when 103 is divided by t.
13
Let n(p) = p**2 + 6*p + 17. Let o be n(-9). Let a be 1/6*6*(o - 1). Let l = a + -37. What is the remainder when 22 is divided by l?
4
Suppose -266*o = -31*o - 4333635. What is the remainder when o is divided by 29?
26
Suppose -5*k - 4538 = -4823. Calculate the remainder when -78*(52/(-18))/(12/18) is divided by k.
53
What is the remainder when 813595/155 - 9/1 is divided by 76?
72
Suppose 28*s = 54*s - 104. What is the remainder when 11/((-155)/40 + s) is divided by 1/(2/(-30))*-1?
13
Let r = 2473 - 112. Calculate the remainder when r is divided by 91.
86
Suppose -403*v + 389*v + 448 = 0. What is the remainder when 221 is divided by v?
29
Suppose 11*o - 453 = 1626. Calculate the remainder when o is divided by 133.
56
Suppose 0 = -11*d + d + 1740. Let k(m) = -2*m + 14. Let c be k(-7). Let z(x) = -2*x**2 + 59*x - 49. Calculate the remainder when d is divided by z(c).
34
Suppose -109*k - 229*k = -5070. What is the remainder when 617 is divided by k?
2
Suppose 3*z - 3 = 0, -2*b + 3*z + 4 = 11. Calculate the remainder when (-13 + 29)*-1 + 87 + -8 is divided by ((-3)/b)/(1/22).
30
Suppose -2*u + 4*k = -280, -3*k - 282 = -3*u + u. Let a = u + -221. What is the remainder when (a/7)/((-1)/1) is divided by 4?
3
Let u(d) = d + 3. Let n be u(-1). Suppose 0 = -4*w - 5*a, n*a = -w - 2*w. What is the remainder when (41 - (w + -1)) + 4 + -2 is divided by 9?
8
Let v(u) = u**3 + 16*u**2 - 3*u - 201. Calculate the remainder when 752 is divided by v(-15).
62
Calculate the remainder when 800 is divided by (-264)/45 + 6 + (-326)/(-30)*1.
8
Let l(f) = 2*f**2 + 39*f + 40. Let x(z) = -166*z**3 - z**2 - z - 1. What is the remainder when x(-1) is divided by l(-19)?
18
Let k(t) = 4*t**3 - 15*t**2 + 9*t - 44. Let z(g) = g**3 - 6*g**2 + 8*g - 6. What is the remainder when k(6) is divided by z(6)?
40
Suppose -796*i + 853*i - 2069385 = 0. What is the remainder when i is divided by 147?
143
Suppose -10*f = -11*f - 187. Let b = f + 96. Let k = 142 + b. What is the remainder when k is divided by 14?
9
Suppose -158*n - 139*n = 32*n - 50995. Calculate the remainder when n is divided by 3.
2
Let a = 23 + -16. Let j(r) = 4*r**2 - 2*r + 0*r - 8*r + 8*r. What is the remainder when j(2) is divided by a?
5
Suppose -14*x - 3*x - 5607 = -15076. Let q = 13 - -15. What is the remainder when x is divided by q?
25
Let i(q) = 16*q**3 - q**2 - 3*q - 1. Let c = -39 + 38. Let v be i(c). Calculate the remainder when 11 is divided by (-20)/8*54/v.
2
Let q = 9135 + -8779. What is the remainder when q is divided by 180?
176
Suppose 0*l - 4*b = -2*l - 16, -51 = 5*l + b. Calculate the remainder when 2/(-5) - 1870/(-50) is divided by (1 + 1 + l/4)*-22.
4
Suppose -1194 - 4276 = -5*j. Suppose -j = 8*g - 3374. What is the remainder when g is divided by 58?
53
Suppose 685 = -k + 2*k + 3*t, 3*k + 5*t = 2063. What is the remainder when k is divided by 10?
1
Suppose -9*o = -10*o + 8. Suppose -2*z = j - 29 - o, -2*z = 4*j - 172. What is the remainder when (-7)/(21/(-540)) - 1 is divided by j?
44
Suppose 582 - 177 = 15*f. Suppose 847 = f*p - 233. Calculate the remainder when 148 is divided by p.
28
Let g be (-6)/12 + (-55)/(-10). Suppose -g*k + 10*u = 5*u - 120, 3*k + 2*u = 77. What is the remainder when 248 is divided by k?
23
Let q(c) = -c**3 - 2*c**2 - c - 159. Let j be q(0). Let l = 186 + j. What is the remainder when 81 is divided by l?
0
Suppose 0 = s + 2*k - 5 - 0, -4*k = -4. Calculate the remainder when ((56/s)/4)/((-2)/(-9)) is divided by 12.
9
Let t = -66282 + 66321. Let a(c) = -c - 8. Let f be a(-9). Let h = f + 2. Calculate the remainder when t is divided by h.
0
Let m(v) = 10*v - 3. Suppose 4*c + 2*l + 918 = 0, -1 = -l + 2. Let y = c - -241. What is the remainder when m(3) is divided by y?
7
Let d = 428 - 420. Let q(t) = t**2 - 8*t + 33. What is the remainder when 97 is divided by q(d)?
31
Suppose -4*d + 8828 = 3*z, -d = -0*d - z - 2207. Calculate the remainder when d is divided by 201.
197
Let y be (24*6/126)/((-4)/(-14)). Suppose -2*s + 5*q = -179, 3*s - 260 = y*q - 5*q. What is the remainder when s is divided by 30?
27
Let d = 66 - 63. Let y be (-4 + 6)*(d + (-154)/4). Let u = y - -150. What is the remainder when u is divided by 16?
15
Calculate the remainder when 2605 - (2/10 - (-732)/(-60)) is divided by 36.
25
Let h = 447 + -432. Suppose 0 = -h*k + 10837 - 3187. What is the remainder when k is divided by 19?
16
Suppose -1566 = 23*f - 26*f. Let k = f - 751. Calculate the remainder when (-16)/(-88) + k/(-11) is divided by 12.
9
Suppose 35*n = 5744 + 1462 + 564. Calculate the remainder when 5322 is divided by n.
216
Let r = -3476 + 3532. What is the remainder when 176 is divided by r?
8
Suppose -2*b - 5 = -11. Suppose 2*a - 27 = -3*k - 0*k, -2*k = b*a - 23. What is the remainder when 130 is divided by k?
4
Suppose -30*m + 60*m + 98 = 31*m. Suppose 0 = 2*q + 6, 5*i = 2*q + 3*q + 185. Calculate the remainder when m is divided by i.
30
Let u = -200 - -222. Calculate the remainder when 45 is divided by 25/75 + u/6.
1
Suppose 0 = 4*j + 634 - 1522. Suppose 0 = -5*h - 21*h + 364. What is the remainder when j is divided by h?
12
Suppose 17*z - 156 = 15*z. Let f = z + -111. Let h = f + 103. Calculate the remainder when h is divided by 18.
16
Suppose 129*t - 125*t - 345 = -5*w, w = 2*t + 69. What is the remainder when 826 is divided by w?
67
Let j(m) = 44*m**2 - 3*m - 4. Let i(s) = -s**2 - 11*s + 18. Let u be i(-13). Let o(t) = -t**2 - 7*t + 21. Calculate the remainder when j(-1) is divided by o(u).
4
Let x(l) = 2704*l - 2026. Calculate the remainder when x(1) is divided by 89.
55
Let s be (-300)/(-2) - (-14 - 80/(-8)). Suppose -147*m - 126 = -s*m. What is the remainder when 339 is divided by m?
15
Suppose -j = 3*a + 10, -8*j - 3*a = -12*j + 35. Suppose -j*b + 32 = 2*c, 7*b - 62 = -3*c + 3*b. What is the remainder when c is divided by 7?
5
Suppose 2*b - 10 = 0, 3*l = 3*b + 31 - 10. Let u(a) = a**3 - 45*a**2 - 142*a - 16. Calculate the remainder when u(48) is divided by l.
8
Suppose 0 = -2*y + 3*t + 8, 1 = 3*y - 3*t - 14. Calculate the remainder when y*((4 - -4) + 7) is divided by 39.
27
Suppose 2*t - 65 = i, -4*i + 56 = 4*t - 80. Suppose 49 = 2*o - t. Let m = 54 + o. What is the remainder when m is divided by 24?
23
Let v = 